344?
23405343
In base 2, what is 101110011111111010000 - 100011001?
101110011111010110111
In base 11, what is 1198353a7 - 3?
1198353a4
In base 10, what is 155 + -600718?
-600563
In base 12, what is -1001812 - 4?
-1001816
In base 11, what is -150 + -10a736?
-10a886
In base 8, what is -3 + -62151722?
-62151725
In base 2, what is 1000000001 - 1010000001?
-10000000
In base 10, what is 73 + -200623?
-200550
In base 15, what is 4c11644 - 3?
4c11641
In base 9, what is 1227108 + 6?
1227115
In base 2, what is 100001110001100100000010 - -11?
100001110001100100000101
In base 3, what is 100120 + -112220102121?
-112220002001
In base 14, what is 7219 + -6170?
1089
In base 9, what is 8608452 + 5?
8608457
In base 10, what is -3363398 - 0?
-3363398
In base 6, what is -152 + 1321435?
1321243
In base 3, what is 200111202001 + -201112?
200111000112
In base 16, what is 38aaa3df - -3?
38aaa3e2
In base 12, what is 6b + -63b40?
-63a91
In base 7, what is 1523 - 53?
1440
In base 9, what is -1164151 - -40?
-1164111
In base 14, what is 5 - -6aad66?
6aad6b
In base 7, what is -1230123151 + 2?
-1230123146
In base 14, what is -21b1351 - 5?
-21b1356
In base 4, what is 13 - -12202031220?
12202031233
In base 10, what is 699000 + 246?
699246
In base 7, what is 21343005 + 0?
21343005
In base 4, what is 1010123 + 13130101?
20200230
In base 3, what is -21222 + 11002001211?
11001202212
In base 14, what is -453888 + -8d?
-453937
In base 8, what is -6 + 21371140?
21371132
In base 8, what is -6507 - 4247?
-12756
In base 10, what is -6 - -727061?
727055
In base 13, what is 1c4 + -2cc42?
-2ca4b
In base 6, what is -140331231 - -234?
-140330553
In base 9, what is 3 - 65385314?
-65385311
In base 8, what is -1207 - 21100?
-22307
In base 7, what is -1402 + 333103?
331401
In base 5, what is 32 - 23214011?
-23213424
In base 9, what is -18 + 4368828?
4368810
In base 10, what is 16684 + 303?
16987
In base 6, what is 4 + 214202131?
214202135
In base 12, what is 475 + 17606?
17a7b
In base 5, what is 1213111230221 + 10?
1213111230231
In base 8, what is -14 - -17005226?
17005212
In base 6, what is -144033354 + 0?
-144033354
In base 9, what is 5 + 16612307?
16612313
In base 7, what is 10143 - 6365?
445
In base 3, what is 220201101220 - 111001?
220200220212
In base 15, what is 1764905 - -2c?
1764932
In base 6, what is 104553231 + -5?
104553222
In base 7, what is -3 - -20401520?
20401514
In base 10, what is -104363 - 1390?
-105753
In base 9, what is -12 - 4256331?
-4256343
In base 12, what is 155016a6 - 4?
155016a2
In base 5, what is 1241 - 1234310?
-1233014
In base 6, what is 124231 - -121342?
250013
In base 13, what is -8b165b8 + -2?
-8b165ba
In base 5, what is 10 + 430333430?
430333440
In base 14, what is -26a2 + -643?
-2d05
In base 15, what is -2 + -10c2b7c?
-10c2b7e
In base 4, what is 1 - 30103123003121?
-30103123003120
In base 4, what is 122201303312202 + 0?
122201303312202
In base 8, what is 1444557 - -47?
1444626
In base 8, what is 315 - 1574613?
-1574276
In base 11, what is -440a23296 + -5?
-440a232a0
In base 12, what is 14045941 + 2?
14045943
In base 8, what is -33627 - -700?
-32727
In base 2, what is -11 - -11011111011001100111000?
11011111011001100110101
In base 11, what is 2433706 - -7?
2433712
In base 14, what is 23a3c + -849?
231d3
In base 8, what is 217212011 + -2?
217212007
In base 15, what is 89620 - a?
89615
In base 5, what is 14123321 - -3?
14123324
In base 4, what is 313032 - -220102232?
221021330
In base 11, what is -a6a731 - 7?
-a6a738
In base 5, what is 3303022 + -231131?
3021341
In base 8, what is -20206367 - 5?
-20206374
In base 12, what is 396580 + 107?
396687
In base 11, what is 526430 - 92?
526349
In base 5, what is 113104113 + -14212?
113034401
In base 3, what is -11101101 - -1220122?
-2110202
In base 7, what is 1613 - 365664?
-364051
In base 15, what is 107ad8e + e?
107ad9d
In base 13, what is -286778 + 47?
-286731
In base 12, what is 0 - 192889?
-192889
In base 6, what is -11 + 214330330?
214330315
In base 13, what is -b8bb26 - -1?
-b8bb25
In base 12, what is b20 - a1a?
102
In base 4, what is 2 - -102310123100?
102310123102
In base 8, what is -1672 + -36402?
-40274
In base 5, what is -13134012 - 110?
-13134122
In base 5, what is 22231442124 + 132?
22231442311
In base 5, what is 13130113342 + 0?
13130113342
In base 4, what is 20311233000 + -1123?
20311231211
In base 15, what is 4b88 - -1c7?
4d60
In base 3, what is 1101212 + 112010112?
120112101
In base 4, what is -303312133123 + -21?
-303312133210
In base 15, what is 1065b2 + -2?
1065b0
In base 7, what is 3 - 22522344?
-22522341
In base 15, what is -2 - c3c77d?
-c3c780
In base 14, what is 2 - 27bb812?
-27bb810
In base 4, what is -1 + 220103210?
220103203
In base 4, what is 11233000 + 21320?
11320320
In base 6, what is -221305402 - 3?
-221305405
In base 8, what is -27 + -26010647?
-26010676
In base 5, what is -2030233103414 + -4?
-2030233103423
In base 13, what is -91 - -14a68?
149a7
In base 11, what is -18a + -a0604?
-a0793
In base 10, what is -11062 + -4948?
-16010
In base 7, what is -42635 + -3063?
-46031
In base 3, what is -2000201 + 20001011211?
12222011010
In base 13, what is 1cc16463 - -3?
1cc16466
In base 13, what is -a545c - -20b?
-a5251
In base 13, what is 2a10 - c2b?
1ab2
In base 9, what is 88 - -25658?
25757
In base 5, what is -401241 - -3240?
-343001
In base 5, what is 201122 + 3313040?
4014212
In base 2, what is -10011110010000101111 + -10100100?
-10011110010011010011
In base 15, what is 1e42 + 400?
2342
In base 15, what is -2 - -4627e9e?
4627e9c
In base 11, what is 3 - -201414a0?
201414a3
In base 15, what is -47136 - -2?
-47134
In base 6, what is 2012 - -233151?
235203
In base 3, what is 2 + 2110212022220?
2110212022222
In base 4, what is -2122 + -2133110001?
-2133112123
In base 11, what is 5 - -918175?
91817a
In base 3, what is 112020121002 + -12200?
112020101102
In base 2, what is 100001110 + 1111101001110010100?
1111101010010100010
In base 10, what is 0 - -24848?
24848
In base 12, what is -4738208 + -3?
-473820b
In base 15, what is 43 + -42de41?
-42dded
In base 11, what is -3 + -91a056a?
-91a0572
In base 14, what is -7d3706 - 7?
-7d370d
In base 11, what is -2828711 - 0?
-2828711
In base 11, what is -24068 - -6615?
-18553
In base 11, what is -3206 + 10658?
8452
In base 7, what is 1353 + -124563?
-123210
In base 9, what is -18547 - -104?
-18443
In base 8, what is -236256772 - -4?
-236256766
In base 11, what is -1110991 + -39?
-1110a1a
In base 7, what is 3200 + -156351?
-153151
In base 10, what is -357 - 123812?
-124169
In base 3, what is -21 + 1220122021120111?
1220122021120020
In base 14, what is -807 - 1dbcc?
-205d5
In base 8, what is -213275271 - -4?
-213275265
In base 7, what is -120 + 2443053?
2442633
In base 15, what is 378eba - -a7?
379072
In base 5, what is -243 + 2002404?
2002111
In base 4, what is 10 - 101221123331?
-101221123321
In base 14, what is -26 + -12269b?
-1226c3
In base 4, what is -2220021 + -10020110?
-12300131
In base 12, what is 11b61bb - 5?
11b61b6
In base 10, what is 163 - 74983?
-74820
In base 11, what is 370a75 - 165?
370910
In base 11, what is 288a - -1498?
4277
In base 8, what is 547 + 455357?
456126
In base 14, what is -111 - 21b8a?
-21c9b
In base 12, what is -21baaa - -2a?
-21ba80
In base 10, what is 2 - 2644687?
-2644685
In base 5, what is -22324240221 - 201?
-22324240422
In base 3, what is -11101001 + 12110202?
1002201
In base 11, what is 221917784 + 3?
221917787
In base 4, what is 0 - 20120031003?
-20120031003
In base 8, what is 12566 + 21514?
34302
In base 2, what is 10001 + -110001110010011010001?
-110001110010011000000
In base 11, what is -2a0687 - 30?
-2a0707
In base 10, what is -2 + -179575660?
-179575662
In base 7, what is 252505331 - 13?
252505315
In base 10, what is 1756 - 58151?
-56395
In base 9, what is -1087 + 65850?
64752
In base 8, what is -244333 + -404?
-244737
In base 10, what is 81 - -265956?
266037
In base 13, what is -50cc - -b2c?
-42a0
In base 3, what is 1202 - 102101021222021?
-102101021220112
In base 16, what is -e9ac + -3fb7?
-12963
In base 15, what is 4 + e8c3c?
e8c41
In base 13, what is 3 + 96b1221?
96b1224
In base 15, what is 1126d79 - 0?
1126d79
In base 11, what is 666902 - -68?
66696a
In base 11, what is 5 - 8482aa?
-8482a5
In base 7, what is